{"id":209,"date":"2026-04-06T12:11:22","date_gmt":"2026-04-06T10:11:22","guid":{"rendered":"https:\/\/owkeeholds.com\/?page_id=209"},"modified":"2026-04-12T12:52:17","modified_gmt":"2026-04-12T10:52:17","slug":"select-texture","status":"publish","type":"page","link":"https:\/\/owkeeholds.com\/index.php\/select-texture\/","title":{"rendered":"Select Texture"},"content":{"rendered":"<div class=\"bm-builder clearfix \"><div id=\"\" class=\"module col-12 module-id-1775686448246\" data-module-col=\"12\"><div class=\"module-inside single-image-inside\" style=\"--cornerRadius:0px 0px 0px 0px ; --top-mod: 0px;--bottom-mod: 0px;--top-mod-t: 0px;--bottom-mod-t: 0px;--top-mod-m:0px;--bottom-mod-m:0px;\" ><div class=\"single-image-out  \"  ><figure class=\"single-image   single-image-full   \" no><div class=\"ux-hover-wrap anima-wrap\" style=\"padding-top: 33.3203125%;\"><span class=\"ux-hover-wrap-a\"><img loading=\"lazy\" decoding=\"async\" alt=\"www_srodek\" class=\"single-image-img img1st lazy \" src=\"data:image\/gif;base64,R0lGODlhAQABAIAAAAAAAP\/\/\/yH5BAEAAAAALAAAAAABAAEAAAIBRAA7\" data-src=\"https:\/\/owkeeholds.com\/wp-content\/uploads\/2026\/04\/www_srodek-scaled.jpg\" data-srcset=\"https:\/\/owkeeholds.com\/wp-content\/uploads\/2026\/04\/www_srodek-scaled.jpg 2560w, https:\/\/owkeeholds.com\/wp-content\/uploads\/2026\/04\/www_srodek-300x100.jpg 300w, https:\/\/owkeeholds.com\/wp-content\/uploads\/2026\/04\/www_srodek-1024x341.jpg 1024w, https:\/\/owkeeholds.com\/wp-content\/uploads\/2026\/04\/www_srodek-768x256.jpg 768w, https:\/\/owkeeholds.com\/wp-content\/uploads\/2026\/04\/www_srodek-1536x512.jpg 1536w, https:\/\/owkeeholds.com\/wp-content\/uploads\/2026\/04\/www_srodek-2048x683.jpg 2048w, https:\/\/owkeeholds.com\/wp-content\/uploads\/2026\/04\/www_srodek-350x117.jpg 350w, https:\/\/owkeeholds.com\/wp-content\/uploads\/2026\/04\/www_srodek-650x217.jpg 650w, https:\/\/owkeeholds.com\/wp-content\/uploads\/2026\/04\/www_srodek-1000x333.jpg 1000w, https:\/\/owkeeholds.com\/wp-content\/uploads\/2026\/04\/www_srodek-2000x667.jpg 2000w, https:\/\/owkeeholds.com\/wp-content\/uploads\/2026\/04\/www_srodek-600x200.jpg 600w\" data-sizes=\"(max-width: 480px) 320px,(max-width: 767px) 500px,(max-width: 2560px) 100vw, 2560px\" width=\"2560\" height=\"853\" \/><\/span><\/div><\/figure><\/div><\/div><\/div><div id=\"\" class=\"module col-12 module-id-1775469369540 bm-wrap row-top row-center bm-force-full bm-wrap-height-auto\" data-module-col=\"12\" data-change-color=\"off\" data-backcolor=\"transparent\" data-frontcolor=\"\" data-logocolor=\"\" data-goto-top=\"off\" data-goto-top-spacing=\"0\" data-goto-disable-m=\"off\" data-groupsameheight=\"off\"><div class=\"module-inside group-inside\" style=\"--cornerRadius:0px 0px 0px 0px ; --top-mod: 0px;--bottom-mod: 0px;--top-mod-t: 0px;--bottom-mod-t: 0px;--top-mod-m:0px;--bottom-mod-m:0px;\" ><\/div><\/div><div id=\"\" class=\"module col-12 module-id-1775686496985\" data-module-col=\"12\"><div class=\"module-inside text-inside\" style=\"--top-mod: 0px;--bottom-mod: 0px;--top-mod-t: 0px;--bottom-mod-t: 0px;--top-mod-m:0px;--bottom-mod-m:0px;\" ><div class=\"text_block_out\"  data-effect=\"standard\" style=\"\"><div class=\"text_block ux-mod-nobg\"><div class=\"text_block_inn\"><div id=\"text-1775686496985\" class=\"text_block_centered text_block_centered_enable_width\"  style=\"\"><p>&nbsp;<\/p>\n<p>1. Pe\u0142na tekstura \u2013 maksymalne tarcie<br>Chwyt o jednoliym tarciu na ca\u0142ej swojej powierzchni. Zapewnia pe\u0142ne tarcie niezale\u017cnie od po\u0142o\u017cenia na \u015bcianie, pe\u0142ni\u0105\u0107 ka\u017cd\u0105 funkce jak\u0105 narzucisz &#8211; chwyt lub tylko stopie\u0144.<\/p>\n<p><img loading=\"lazy\" decoding=\"async\" class=\"img-in-text\" src=\"https:\/\/owkeeholds.com\/wp-content\/uploads\/2026\/04\/D5_02_1-1.jpg\" alt=\"D5_02_1\" width=\"406\" height=\"406\"><\/p>\n<p>&nbsp;<\/p>\n<p>2. Dual texture \u2013 kontrolowana precyzja<br>Chwyt \u0142\u0105cz\u0105cy strefy tarciowe ze stref\u0105 \u015blisk\u0105. Takie rozwi\u0105zanie eliminuje cz\u0119\u015b\u0107 powierzchni chwytu, daj\u0105\u0107 wi\u0119cej mo\u017cliwo\u015bci RouteSetter&#8217;skich. \u015aliskie powierzchnie umo\u017cliwiaj\u0105 umieszczenie na nich naklejanego tarcia, kt\u00f3re jest dodatkow\u0105 opcj\u0105 na stopie\u0144 lub \u015bcisk.<\/p>\n<p><img loading=\"lazy\" decoding=\"async\" class=\"img-in-text\" src=\"https:\/\/owkeeholds.com\/wp-content\/uploads\/2026\/04\/D5_02_5.jpg\" alt=\"D5_02_5\" width=\"406\" height=\"406\"><\/p>\n<p>&nbsp;<\/p>\n<p>3. G\u0142adki chwyt \u2013 indywidualny projekt<\/p>\n<p>Ca\u0142kowicie \u015bliska powierzchnia, kt\u00f3ra daje pe\u0142n\u0105 swobod\u0119 personalizacji. U\u017cytkownik sam decyduje, gdzie i w jakim kszta\u0142cie doda\u0107 stref\u0119 tarcia, naklejaj\u0105c specjaln\u0105 ta\u015bm\u0119. To rozwi\u0105zanie oferuje najwi\u0119ksz\u0105 elastyczno\u015b\u0107 \u2013 pozwala dostosowa\u0107 chwyt do konkretnego problemu wspinaczkowego lub poziomu trudno\u015bci. Wymaga jednak zaanga\u017cowania i precyzji.<\/p>\n<p><img loading=\"lazy\" decoding=\"async\" class=\"img-in-text\" src=\"https:\/\/owkeeholds.com\/wp-content\/uploads\/2026\/04\/D5_04_3.jpg\" alt=\"D5_04_3\" width=\"405\" height=\"405\"><\/p><\/div><\/div><\/div><\/div><\/div><\/div><\/div>","protected":false},"excerpt":{"rendered":"<p>&nbsp; 1. Pe\u0142na tekstura \u2013 maksymalne tarcieChwyt o jednoliym tarciu &hellip;<\/p>\n","protected":false},"author":1,"featured_media":0,"parent":0,"menu_order":0,"comment_status":"closed","ping_status":"closed","template":"","meta":{"footnotes":""},"class_list":["post-209","page","type-page","status-publish","hentry"],"_links":{"self":[{"href":"https:\/\/owkeeholds.com\/index.php\/wp-json\/wp\/v2\/pages\/209","targetHints":{"allow":["GET"]}}],"collection":[{"href":"https:\/\/owkeeholds.com\/index.php\/wp-json\/wp\/v2\/pages"}],"about":[{"href":"https:\/\/owkeeholds.com\/index.php\/wp-json\/wp\/v2\/types\/page"}],"author":[{"embeddable":true,"href":"https:\/\/owkeeholds.com\/index.php\/wp-json\/wp\/v2\/users\/1"}],"replies":[{"embeddable":true,"href":"https:\/\/owkeeholds.com\/index.php\/wp-json\/wp\/v2\/comments?post=209"}],"version-history":[{"count":1,"href":"https:\/\/owkeeholds.com\/index.php\/wp-json\/wp\/v2\/pages\/209\/revisions"}],"predecessor-version":[{"id":210,"href":"https:\/\/owkeeholds.com\/index.php\/wp-json\/wp\/v2\/pages\/209\/revisions\/210"}],"wp:attachment":[{"href":"https:\/\/owkeeholds.com\/index.php\/wp-json\/wp\/v2\/media?parent=209"}],"curies":[{"name":"wp","href":"https:\/\/api.w.org\/{rel}","templated":true}]}}